 + 5/12*m**4 + 1/2*m**2 + f*m**5 + 0. Give k(-4).
-7
Suppose -b = -3*s, 23 = 2*b + s - 5. Let r(y) = -y**2 + 6*y + 19. Determine r(b).
-53
Let l(k) = 206*k - 416*k + 208*k - 15 + 27. What is l(-3)?
18
Let a(l) be the first derivative of 68 - 4*l**2 + 7*l + 1/3*l**3. Calculate a(7).
0
Let p = -35721 + 35725. Let m(v) = v**2 + 6*v - 31. Calculate m(p).
9
Let c(w) = 4*w**3 - 24*w**2 + 9*w - 117. Let l be c(6). Let o(d) = -d**2 - 71*d - 500. Calculate o(l).
4
Let p(w) be the first derivative of -w**4/4 + 11*w**3/3 - 15*w**2 - 15*w + 3396. Give p(6).
-15
Let k be (0/((-3)/(-4)*(-7 + 3)))/(-1). Let c(m) = -5*m**2 + 3*m + 6. What is c(k)?
6
Let g = -119 + 121. Let s(m) = -3*m**3 + 24*m**2 + 15*m - 9. Let z(j) = j**3 - 12*j**2 - 8*j + 5. Let c(r) = g*s(r) + 5*z(r). Calculate c(-11).
-4
Let i(z) = z**2 + 193*z + 8668. Let k be i(-71). Let n(b) be the third derivative of 1/24*b**4 - b**2 + 0*b + 0 - 5/6*b**3. What is n(k)?
1
Let b(n) = 8*n - 57. Suppose -4*h - 8 = -2*k, -3*k = -7*h + 9*h - 20. What is b(k)?
-9
Let z(k) = 7*k - 28. Let u(q) = -10*q + 38. Let o(b) = 1. Let y(a) = -6*o(a) - 2*u(a). Let f(c) = 6*y(c) - 17*z(c). Determine f(9).
-7
Suppose 5*u + 4*x - 18 - 14 = 0, -x = 3*u - 15. Suppose -10 + 0 = -u*f - 5*j, 2*f = -3*j + 4. Let o(s) = s**2 - 3*s - 4. Determine o(f).
6
Let h(o) = 7*o + 3 - 8*o - 1 - 1 + 5*o**2 - 3. Determine h(-4).
82
Let r(c) be the first derivative of 3*c**3 - 3*c**2/2 + 3*c - 2027. What is r(2)?
33
Let v be (-3 - -2)/((-180)/(-240)*(-4)/(-51)). Let h(s) = s**3 + 18*s**2 + 14*s - 54. Calculate h(v).
-3
Let p(y) = -y**3 + 3*y**2 + 20*y + 3. Let n(r) = -r**3 - 35*r**2 - 6*r + 958. Let a be n(-34). What is p(a)?
15
Let h(k) be the second derivative of -k**6/120 - k**5/15 + k**4/4 + k**3/2 + 78*k**2 + 216*k. Let b(d) be the first derivative of h(d). What is b(-4)?
-21
Let p(c) be the first derivative of -2*c**3/3 - 9*c**2/2 - 6*c + 5. What is p(-7)?
-41
Let i(t) = t**2 + t. Let w(o) = -7*o**2 + 4*o + 25. Let u(y) = 8*i(y) + w(y). What is u(-7)?
-10
Let l(m) = m**3 + 5*m**2 - 3. Let w = -118 + 120. Let x be 316/(-28) + 6 - w/(-7). Calculate l(x).
-3
Let z(h) = -h + 19. Suppose 5*u - 3*m + 6 = 0, 3*u - 4*m - 4 = -1. Let q be (u - (-44)/12)/((-6)/(-144)). Determine z(q).
3
Let q(g) = g**2 - 13*g + 34. Suppose 0 = 11*h + 5 - 48 - 12. What is q(h)?
-6
Let p(n) be the first derivative of n**2/2 - 2038. Suppose -7 = -t - k, 3*t + 6*k - 10*k = -7. Determine p(t).
3
Suppose -13 = -4*v - 5. Suppose 15 + 33 = v*q. Suppose 2 = 26*c - q*c. Let u(o) = -o**2 + 1. Determine u(c).
0
Let y(u) be the second derivative of -u**5/20 - u**4/2 - 5*u**3/3 + 5*u**2/2 - 1173*u. Determine y(-5).
30
Let k be -2 + 4 - (-1 - -2). Let f = 188 + -182. Let v(p) = -p - 40*p**2 - 39*p**2 - f*p**3 - 37*p**2 + 117*p**2. What is v(k)?
-6
Let n(s) = 3*s + 15. Suppose -6*g = -9*g + 6, -5*q + 5*g - 55 = 0. Determine n(q).
-12
Suppose 5*h = 135 - 5. Let v = h - 10. Suppose 5*x - 4*f = v, -5*x + 19 = f - 2*f. Let m(t) = -t**2 + 2*t + 3. Give m(x).
-5
Let q(w) = w**2 + 9*w + 5. Let g = -753 - -1572. Suppose -g + 851 = -4*c. Calculate q(c).
-3
Let s(q) = 49 - 64 - 11*q + 13 - 5*q. What is s(1)?
-18
Suppose -m = -4*m + 15. Suppose -9*f - 1284 + 1365 = 0. Let i = f - m. Let c(q) = 3*q - 3. Determine c(i).
9
Let h(r) = -2*r - 5. Let g(n) = 7*n - 2. Let i(u) = -u + 2. Let p(d) = g(d) + 4*i(d). Let j(v) = 4*h(v) + 3*p(v). What is j(-7)?
-9
Let n(g) = -2 - 2*g - 7 + g. Let j be (-7)/(((-2)/(-7 + 5))/1). Give n(j).
-2
Let t(q) be the third derivative of -q**7/1680 - 17*q**5/30 - 40*q**2. Let o(h) be the third derivative of t(h). Let m = -10 - -6. Give o(m).
12
Let z = 39 - 41. Let d = -14 - -11. Let v be d/(z/(-4)*3) + 5. Let w(n) = -n**2 + 4*n - 3. Calculate w(v).
0
Let w(k) = -k - 2*k - 4 + 2*k**2 + 5*k**3 - 4*k**3. Let r be w(-2). Let l be -10 + -1*((-4)/r + 2). Let t(i) = -i - 9. Give t(l).
1
Let d = -3795 + 3790. Let y(l) = -5*l - 23. Give y(d).
2
Let h be 38*4/24 + 5/(-15). Let c be 2/h*(-168)/(-14). Let z(w) = 6*w - 2*w**2 + 11 + c + 3 - 19. Calculate z(4).
-9
Suppose 36*h - 12 = 32*h. Suppose -h*o = -9, -3*t - 6 = 10*o - 14*o. Let y(p) be the second derivative of p**4/3 - p**3/3 - p**2 - p. Determine y(t).
10
Let c(r) = 2*r**3 - 6*r**2 + 9*r - 2. Suppose 126*w - 8 = -5*h + 125*w, 0 = -h - 4*w - 6. Calculate c(h).
8
Let q(o) = -o**3 + 4*o**2 + 6*o - 6. Let k(p) = 4*p**2 + 24*p - 3. Let d be k(-7). Suppose 5*r + 5*l = 50, 4*r + l = -0*l + d. What is q(r)?
-1
Suppose 7724*p = 7712*p + 48. Let q(s) = -2*s**3 + 10*s**2 - 9*s + 1. Give q(p).
-3
Let b(n) = -28*n**3 + 8*n**3 + 11*n**3 - 7*n + 10*n**3 + 8*n**2 - 12 - 5. Determine b(-9).
-35
Let c(v) = -13*v - 1. Let u = -643 - -649. Let x = u - 3. Determine c(x).
-40
Let t(u) = -5*u + 80. Let f be t(16). Suppose f = -4*g + b + 24, g - 2*b = 5*g - 12. Let i(j) = -3*j + 9. What is i(g)?
-6
Suppose -153 + 36 = 39*r. Let l(c) = -3*c**2 - c - 1. Let m(b) = 6*b**2 + 2*b**2 - 3*b**2 - 3*b**2. Let v(o) = r*l(o) - 4*m(o). Determine v(-3).
3
Let i(f) be the second derivative of -f**3 + 85*f**2/2 + 2*f - 23. Calculate i(15).
-5
Let i(a) = 16970 - 17002 - 3*a - 2*a**2 - 12*a. What is i(-3)?
-5
Let p be ((-6)/4)/(3/(-20)). Suppose -p*u + 47 = -43. Let k(t) = t**2 - 8*t - 10. Determine k(u).
-1
Suppose -6 - 2 = 4*x. Let z(w) = 3*w - 3. Let u(k) = 157*k - 14. Let s(p) = -64*p + 7. Let f(q) = 5*s(q) + 2*u(q). Let h(g) = x*f(g) - 5*z(g). What is h(-2)?
7
Let m(a) be the third derivative of -a**5/60 + 19*a**4/24 + a**3/3 - 1050*a**2. Give m(18).
20
Let q(c) be the third derivative of c**5/60 - 7*c**4/24 - c**3/3 + 11*c**2. Suppose m - 24 = -21*x + 16*x, 2*m - 4*x = -8. Determine q(m).
-14
Let q(f) be the third derivative of -f**6/120 + 7*f**5/60 + f**4/4 + 5*f**3/6 + 125*f**2 + 22*f. What is q(8)?
-11
Suppose 0 = 5*d - 5. Let k(t) = 2*t**2 + t - 1. Let v(x) = 5*x**3 + 50*x**2 + 23*x - 24. Let p(u) = -24*k(u) + v(u). Give p(d).
6
Let p(n) be the second derivative of n**4/6 - 8*n**3/3 - 35*n**2/2 + 3872*n. Give p(-2).
5
Let f be 14 + -3 + -8 - -6. Let c(y) = y**3 - 10*y**2 + 10*y - 11. Calculate c(f).
-2
Let g(j) = 19*j - 113. Let a be g(6). Let q(x) = 0*x**2 - 3 - a - x**2 + 1 + 0*x**2 - 12*x. Calculate q(-11).
8
Let f(x) = -4*x**2 + 9*x - 16. Suppose 61*j - 96 = -0*j + 13*j. What is f(j)?
-14
Let r be (27 - 25)*(-6 - (-10 - -5)). Let x(q) = q**3 + 5*q**2 - 3. Determine x(r).
9
Let r(m) be the second derivative of -5*m**3/2 - 168*m**2 + 832*m + 1. Determine r(-22).
-6
Let w(q) = q**2 + 8*q - 3. Suppose 0 = -2*r - 3*a, 5*r - 19 = 2*r + 5*a. Suppose 0 = -3*i + i - r*i. Let c(d) = d - 6. Let m be c(i). Give w(m).
-15
Let a(y) = -y - 13. Let f be ((-36)/(-30))/(1 + (-4)/5). What is a(f)?
-19
Let l(j) = -j**2 + 6*j + 4. Let d = -282 + 179. Let b be (1/1 + -6)/(102 + d). Determine l(b).
9
Let h(n) = -2*n - 17. Suppose 1147 = 4*z + 1191. Give h(z).
5
Let f(q) = -q + 1. Let t = -314 - -447. Let j = 137 - t. Give f(j).
-3
Let i(v) be the first derivative of 4*v**3/3 + 3*v**2/2 - 6*v + 1051. Determine i(3).
39
Let t(s) be the second derivative of s**3/6 - 3*s**2 - 17*s. Let m(v) = v**2 + 7*v - 6. Let f be m(-8). Suppose -f*q = -3*q. Give t(q).
-6
Let v(f) be the third derivative of 11*f**6/120 + f**5/60 - 7*f**4/24 + 7*f**3/6 - 917*f**2 - f. Give v(1).
12
Let g(c) = -c**3 - 38*c**2 + 34*c - 191. Let n(y) = -y**2 - 63*y - 849. Let m be n(-45). Determine g(m).
4
Let z(w) = w**3 - w - 12. Let t = 3 - 9. Suppose 5*g = -n - 15 + 26, 2*g = -4*n - 10. Let b be n/4*0/t. Give z(b).
-12
Let b be 35*(-72)/270*3/(-4). Let m(i) = -i**2 + 6*i + 15. Give m(b).
8
Suppose 14*v - 9*v = 30. Let q(f) = f**3 - 967*f + 486*f + v*f**2 + 487*f - 2. What is q(-5)?
-7
Suppose 614*j - 616*j = -2*g - 16, 0 = -3*g + 5*j - 42. Let o(a) = 37*a**2 + 0*a - a**2 + a. Determine o(g).
37
Let y(r) = 12*r - 3. Let q(z) = z - 1. Let t(b) = 5*q(b) - y(b). Suppose 0 = 5*g + 3*d + 1, -3*g - 5*d - 6 = -15. Determine t(g).
12
Suppose 0 = 24*h - 3*h + 168. Let g be (h - 1 - -6)*(-8)/(-6). Let n(z) = -4*z - 9. Give n(g).
7
Let y(s) = -11*s + 18. Suppose 2*r = 4*o + 22, -34*o = -4*r - 31*o + 29. Determine y(r).
-37
Let m(r) = -6 - 34*r + 24*r**2 - 33*r**2 + 21*r - 2 - r**3 - 2. Determine m(-7).
-17
Let r(i) = -215 - 260 + 19*i + 553. What is r(-6)?
-36
Let w(f) = -f**2 + 18*f - 37. Let v = -11523 + 11